
{"id":908,"date":"2015-03-26T16:11:37","date_gmt":"2015-03-26T16:11:37","guid":{"rendered":"http:\/\/henin-beaumont.fr\/site\/?page_id=908"},"modified":"2017-04-12T15:12:32","modified_gmt":"2017-04-12T13:12:32","slug":"semaine-bleue","status":"publish","type":"page","link":"https:\/\/www.henin-beaumont.fr\/site\/semaine-bleue\/","title":{"rendered":"Semaine Bleue"},"content":{"rendered":"<p><img loading=\"lazy\" decoding=\"async\" class=\"aligncenter size-full wp-image-3681\" src=\"http:\/\/www.henin-beaumont.fr\/site\/wp-content\/uploads\/2015\/03\/SEMAINEBLEUE.png\" alt=\"SEMAINEBLEUE\" width=\"687\" height=\"159\" srcset=\"https:\/\/www.henin-beaumont.fr\/site\/wp-content\/uploads\/2015\/03\/SEMAINEBLEUE.png 687w, https:\/\/www.henin-beaumont.fr\/site\/wp-content\/uploads\/2015\/03\/SEMAINEBLEUE-600x139.png 600w\" sizes=\"auto, (max-width: 687px) 100vw, 687px\" \/><\/p>\n<p><img loading=\"lazy\" decoding=\"async\" class=\"alignnone size-full wp-image-911\" src=\"http:\/\/henin-beaumont.fr\/site\/wp-content\/uploads\/2015\/03\/semainebleuee.png\" alt=\"semainebleuee\" width=\"778\" height=\"200\" srcset=\"https:\/\/www.henin-beaumont.fr\/site\/wp-content\/uploads\/2015\/03\/semainebleuee.png 778w, https:\/\/www.henin-beaumont.fr\/site\/wp-content\/uploads\/2015\/03\/semainebleuee-200x51.png 200w\" sizes=\"auto, (max-width: 778px) 100vw, 778px\" \/><\/p>\n<p>parce que les seniors sont des composantes essentielles de la vie de la cit\u00e9, ceux d\u2019H\u00e9nin-Beaumont sont mis \u00e0 l\u2019honneur toute l\u2019ann\u00e9e, notamment lors de la semaine nationale des personnes \u00e2g\u00e9es, qui se d\u00e9roule en octobre. Pensionnaires des foyers, membres d\u2019associations et habitants se voient proposer des activit\u00e9s r\u00e9cr\u00e9atives, sportives et surtout conviviales\u00a0; pour leur plus grand plaisir, et celui de leurs proches.<\/p>\n<p>&nbsp;<\/p>\n","protected":false},"excerpt":{"rendered":"<p>parce que les seniors sont des composantes essentielles de la vie de la cit\u00e9, ceux d\u2019H\u00e9nin-Beaumont sont mis \u00e0 l\u2019honneur toute l\u2019ann\u00e9e, notamment lors de la semaine nationale des personnes \u00e2g\u00e9es, qui se d\u00e9roule en octobre. Pensionnaires des foyers, membres d\u2019associations et habitants se voient proposer des activit\u00e9s r\u00e9cr\u00e9atives, sportives et surtout conviviales\u00a0; pour leur [&hellip;]<\/p>\n","protected":false},"author":1,"featured_media":0,"parent":0,"menu_order":0,"comment_status":"closed","ping_status":"closed","template":"template-mairie.php","meta":{"footnotes":""},"class_list":["post-908","page","type-page","status-publish","hentry"],"_links":{"self":[{"href":"https:\/\/www.henin-beaumont.fr\/site\/wp-json\/wp\/v2\/pages\/908","targetHints":{"allow":["GET"]}}],"collection":[{"href":"https:\/\/www.henin-beaumont.fr\/site\/wp-json\/wp\/v2\/pages"}],"about":[{"href":"https:\/\/www.henin-beaumont.fr\/site\/wp-json\/wp\/v2\/types\/page"}],"author":[{"embeddable":true,"href":"https:\/\/www.henin-beaumont.fr\/site\/wp-json\/wp\/v2\/users\/1"}],"replies":[{"embeddable":true,"href":"https:\/\/www.henin-beaumont.fr\/site\/wp-json\/wp\/v2\/comments?post=908"}],"version-history":[{"count":3,"href":"https:\/\/www.henin-beaumont.fr\/site\/wp-json\/wp\/v2\/pages\/908\/revisions"}],"predecessor-version":[{"id":3682,"href":"https:\/\/www.henin-beaumont.fr\/site\/wp-json\/wp\/v2\/pages\/908\/revisions\/3682"}],"wp:attachment":[{"href":"https:\/\/www.henin-beaumont.fr\/site\/wp-json\/wp\/v2\/media?parent=908"}],"curies":[{"name":"wp","href":"https:\/\/api.w.org\/{rel}","templated":true}]}}