
{"id":448,"date":"2015-03-18T16:45:02","date_gmt":"2015-03-18T16:45:02","guid":{"rendered":"http:\/\/henin-beaumont.fr\/site\/?page_id=448"},"modified":"2019-09-26T12:49:23","modified_gmt":"2019-09-26T10:49:23","slug":"aides-sociales","status":"publish","type":"page","link":"https:\/\/www.henin-beaumont.fr\/site\/aides-sociales\/","title":{"rendered":"aides sociales"},"content":{"rendered":"<p><img loading=\"lazy\" decoding=\"async\" class=\"alignnone size-full wp-image-6082\" src=\"http:\/\/www.henin-beaumont.fr\/site\/wp-content\/uploads\/2019\/09\/Services-\u00e0-domicile.png\" alt=\"\" width=\"386\" height=\"136\" \/><\/p>\n<h2>Le service d&rsquo;aide m\u00e9nag\u00e8re<\/h2>\n<p>&nbsp;<\/p>\n<p><img loading=\"lazy\" decoding=\"async\" class=\"size-medium wp-image-6083\" src=\"http:\/\/www.henin-beaumont.fr\/site\/wp-content\/uploads\/2019\/09\/AdobeStock_200853986-800x192.jpeg\" alt=\"\" width=\"800\" height=\"192\" srcset=\"https:\/\/www.henin-beaumont.fr\/site\/wp-content\/uploads\/2019\/09\/AdobeStock_200853986-800x192.jpeg 800w, https:\/\/www.henin-beaumont.fr\/site\/wp-content\/uploads\/2019\/09\/AdobeStock_200853986-768x184.jpeg 768w, https:\/\/www.henin-beaumont.fr\/site\/wp-content\/uploads\/2019\/09\/AdobeStock_200853986-1024x246.jpeg 1024w, https:\/\/www.henin-beaumont.fr\/site\/wp-content\/uploads\/2019\/09\/AdobeStock_200853986-600x144.jpeg 600w\" sizes=\"auto, (max-width: 800px) 100vw, 800px\" \/><\/p>\n<p><em>Agr\u00e9ment qualit\u00e9 d\u00e9livr\u00e9 par la Direction D\u00e9partementale du Travail n\u00b0SAP 266204270<\/em><\/p>\n<p>L&rsquo;aide \u00e0 domicile aide et accompagne la personne \u00e2g\u00e9e et\/ou handicap\u00e9e, ayant des probl\u00e8mes de sant\u00e9 ou pas, dans les gestes de la vie quotidienne : m\u00e9nage, courses, pr\u00e9paration des repas, aide \u00e0 la toilette.<\/p>\n<h2>Mode de financement du service d&rsquo;aide m\u00e9nag\u00e8re<\/h2>\n<p>Selon le degr\u00e9 d&rsquo;autonomie de la personne, il existe des possibilit\u00e9s d&rsquo;obtention d&rsquo;aides financi\u00e8res pour financer ce service. Ces aides peuvent \u00eatre fournies par des caisses de retraite, par le Conseil g\u00e9n\u00e9ral du Pas-de-Calais dans le cadre de l&rsquo;allocation personnalis\u00e9e \u00e0 l&rsquo;autonomie ( <acronym title=\"Allocation Personnalis\u00e9e \u00e0 l'Autonomie\">apa<\/acronym> ), par la s\u00e9curit\u00e9 sociale ou par des mutuelles.<\/p>\n<h2>Fonctionnement du service<\/h2>\n<p>L&rsquo;aide m\u00e9nag\u00e8re se rend une ou plusieurs fois par semaine chez la personne selon un planning de travail hebdomadaire et les disponibilit\u00e9s du service. A chaque intervention, une fiche de vacation, indiquant l&rsquo;heure d&rsquo;arriv\u00e9e et de d\u00e9part, est sign\u00e9e par l&rsquo;aide m\u00e9nag\u00e8re et l&rsquo;int\u00e9ress\u00e9e. Cette fiche permet ainsi la facturation mensuelle qui sera r\u00e9gl\u00e9e au <acronym title=\"Centre Communal d'Action Sociale\">CCAS<\/acronym> \u00e0 r\u00e9ception de la facture.<\/p>\n<p>Mode de paiement : esp\u00e8ce &#8211; ch\u00e8que &#8211; <acronym title=\"Ch\u00e8que Emploi Service Universel\">CESU<\/acronym> pr\u00e9financ\u00e9<\/p>\n<p>Service propos\u00e9 du lundi au samedi matin (sauf les jours f\u00e9ri\u00e9s) de 7h30 \u00e0 12h et de 13h30 \u00e0 18h<\/p>\n<p>Pour tout renseignement ou demande<br \/>\n<acronym title=\"Centre Communal d'Action Sociale\">ccas<\/acronym> &#8211; bureau n\u00b05 &#8211;<br \/>\nT\u00e9l\u00e9phone : 03.21.77.35.53<br \/>\nResponsable : Mademoiselle Bia<br \/>\nCourriel : <a href=\"mailto:frederique.bia@mairie-heninbeaumont.fr\" target=\"_self\">frederique.bia@mairie-heninbeaumont.fr<\/a><\/p>\n<p>&nbsp;<\/p>\n<p>&#8212;&#8212;&#8212;&#8212;&#8212;&#8212;&#8212;&#8211;<\/p>\n<h1>Service de soins infirmiers \u00e0 domicile<\/h1>\n<p><img loading=\"lazy\" decoding=\"async\" class=\"alignnone size-medium wp-image-6084\" src=\"http:\/\/www.henin-beaumont.fr\/site\/wp-content\/uploads\/2019\/09\/Sans-titre-8-800x192.png\" alt=\"\" width=\"800\" height=\"192\" srcset=\"https:\/\/www.henin-beaumont.fr\/site\/wp-content\/uploads\/2019\/09\/Sans-titre-8-800x192.png 800w, https:\/\/www.henin-beaumont.fr\/site\/wp-content\/uploads\/2019\/09\/Sans-titre-8-768x184.png 768w, https:\/\/www.henin-beaumont.fr\/site\/wp-content\/uploads\/2019\/09\/Sans-titre-8-1024x246.png 1024w, https:\/\/www.henin-beaumont.fr\/site\/wp-content\/uploads\/2019\/09\/Sans-titre-8-600x144.png 600w\" sizes=\"auto, (max-width: 800px) 100vw, 800px\" \/><\/p>\n<p>Le <acronym title=\"Services de Soins Infirmiers A Domicile\">s.s.i.a.d.<\/acronym> intervient sur prescription m\u00e9dicale.<br \/>\nLa prestation s\u2019adresse aux personnes \u00e2g\u00e9es de 60 ans et plus relevant de n&rsquo;importe quel r\u00e9gime de s\u00e9curit\u00e9 sociale sauf le r\u00e9gime minier disposant de son propre service.<br \/>\nDepuis le d\u00e9cret du 25 juin 2004, toute personne de 60 ans ou moins souffrant de pathologies chroniques et\/ou pr\u00e9sentant un handicap, peut \u00e9galement b\u00e9n\u00e9ficier des interventions du service.<br \/>\nCes derni\u00e8res sont prises en charge \u00e0 100% par les Caisses Primaires d&rsquo;Assurance Maladie.<\/p>\n<h2>Objectifs du service<\/h2>\n<ul>\n<li>maintenir les personnes \u00e2g\u00e9es en leur domicile,<\/li>\n<li>pr\u00e9venir et\/ou retarder une d\u00e9gradation de l&rsquo;\u00e9tat de sant\u00e9 des b\u00e9n\u00e9ficiaires,<\/li>\n<li>\u00e9viter une hospitalisation lorsque les conditions m\u00e9dicales et sociales le permettent,<\/li>\n<li>faciliter un prompt retour au domicile apr\u00e8s hospitalisation,<\/li>\n<li>\u00e9viter ou retarder l&rsquo;admission en section de cure m\u00e9dicale ou en \u00e9tablissement de long s\u00e9jour,<\/li>\n<li>accompagner les personnes en fin de vie en leur domicile.<\/li>\n<\/ul>\n<h2>Secteurs g\u00e9ographiques d&rsquo;intervention<\/h2>\n<ul>\n<li>H\u00e9nin-Beaumont<\/li>\n<li>Courri\u00e8res<\/li>\n<li>Dourges<\/li>\n<li>Montigny-en-Gohelle<\/li>\n<li>Drocourt<\/li>\n<li>Noyelles-Godault<\/li>\n<li>Courcelles-les-Lens<\/li>\n<li>Evin-Malmaison<\/li>\n<li>Leforest<\/li>\n<\/ul>\n<h2>Les conditions d&rsquo;entr\u00e9es<\/h2>\n<p class=\" text-LEFT\"><strong>Le <acronym title=\"Services de Soins Infirmiers A Domicile\">s.s.i.a.d.<\/acronym> intervient sur signalement de toute personne, professionnels de la sant\u00e9 ou entourage de la personne. L&rsquo;infirmi\u00e8re-coordinatrice se rend au domicile de la personne \u00e2g\u00e9e pour r\u00e9aliser un recueil de donn\u00e9es et un dossier d&rsquo;entr\u00e9e devant r\u00e9unir les conditions m\u00e9dicales, sociales et mat\u00e9rielles pour une prise en charge. <\/strong><\/p>\n<p class=\" text-LEFT\"><strong>Modalit\u00e9s : <\/strong><\/p>\n<ul>\n<li>relever de n&rsquo;importe quel r\u00e9gime social g\u00e9n\u00e9ral (r\u00e9gime des mines uniquement sur convention)<\/li>\n<li>fournir une prescription m\u00e9dicale puis les protocoles trimestriels remplis par les m\u00e9decins traitants \u00e0 destination des M\u00e9decins Conseil<\/li>\n<li>pr\u00e9senter une incapacit\u00e9 temporaire ou r\u00e9currente \u00e0 effectuer les actes d&rsquo;hygi\u00e8ne<\/li>\n<\/ul>\n<p class=\" text-LEFT\">Si l&rsquo;\u00e9tat de sant\u00e9 de la personne \u00e2g\u00e9e ne rel\u00e8ve pas du Service de Soins, l&rsquo;infirmi\u00e8re-coordinatrice proposera d&rsquo;autres solutions pour assurer le maintien \u00e0 domicile.<br \/>\nLes personnes \u00e2g\u00e9es b\u00e9n\u00e9ficiant du service ont le libre choix de leur m\u00e9decin traitant, infirmier(e) lib\u00e9ral(e), kin\u00e9sith\u00e9rapeute, p\u00e9dicure avec lesquels le <acronym title=\"Services de Soins Infirmiers A Domicile\">s.s.i.a.d.<\/acronym> travaillera en partenariat.<br \/>\nAttention : pour assurer les soins dans les meilleures conditions, un mat\u00e9riel adapt\u00e9 est indispensable selon l&rsquo;\u00e9tat du patient.<\/p>\n<h2><strong>Le financement<\/strong><\/h2>\n<p class=\" text-LEFT\">Le <acronym title=\"Services de Soins Infirmiers A Domicile\">s.s.i.a.d.<\/acronym> a pour tutelle l&rsquo; <acronym title=\"Agence R\u00e9gionale de Sant\u00e9\">ars<\/acronym> et fonctionne avec une dotation globale qui d\u00e9termine le prix de journ\u00e9e. Il prend en compte le fonctionnement du service, les factures des infirmi\u00e8res lib\u00e9rales et des p\u00e9dicures .<\/p>\n<p class=\" text-LEFT\"><strong>Pour tout renseignement ou demande<\/strong><\/p>\n<p class=\" text-LEFT\"><acronym title=\"Centre Communal d'Action Sociale\">ccas<\/acronym> \u2013 bureau n\u00b04 \u2013<br \/>\nT\u00e9l\u00e9phone : 03.21.42.16.79<br \/>\nResponsable : Madame Gluszak<br \/>\nCourriel : <a href=\"mailto:ssiadhenin@hotmail.com\" target=\"_self\">ssiadhenin@hotmail.com<\/a><\/p>\n<h1 class=\" text-LEFT\">Service de repas \u00e0 domicile<\/h1>\n<p class=\" text-LEFT\"><img loading=\"lazy\" decoding=\"async\" class=\"alignnone size-medium wp-image-6085\" src=\"http:\/\/www.henin-beaumont.fr\/site\/wp-content\/uploads\/2019\/09\/repas-\u00e0-domicile-800x192.png\" alt=\"\" width=\"800\" height=\"192\" srcset=\"https:\/\/www.henin-beaumont.fr\/site\/wp-content\/uploads\/2019\/09\/repas-\u00e0-domicile-800x192.png 800w, https:\/\/www.henin-beaumont.fr\/site\/wp-content\/uploads\/2019\/09\/repas-\u00e0-domicile-768x184.png 768w, https:\/\/www.henin-beaumont.fr\/site\/wp-content\/uploads\/2019\/09\/repas-\u00e0-domicile-1024x246.png 1024w, https:\/\/www.henin-beaumont.fr\/site\/wp-content\/uploads\/2019\/09\/repas-\u00e0-domicile-600x144.png 600w\" sizes=\"auto, (max-width: 800px) 100vw, 800px\" \/><\/p>\n<p>La prestation s\u2019adresse aux personnes :<br \/>\n&#8211; de 60 ans et plus<br \/>\n&#8211; handicap\u00e9es<br \/>\n&#8211; de moins de 60 ans, dans l\u2019incapacit\u00e9, m\u00eame momentan\u00e9e de confectionner leur repas<br \/>\n&#8211; r\u00e9sidant sur les communes de H\u00e9nin-Beaumont et Dourges<\/p>\n<h2>Fonctionnement du service<\/h2>\n<p>Les repas sont pr\u00e9par\u00e9s par une centrale et livr\u00e9s du lundi au vendredi entre 8h et 16h30 (un horaire sera propos\u00e9).<br \/>\nLes repas sont livr\u00e9s la veille ou l&rsquo;avant-veille des jours de consommation. La livraison s\u2019effectue en liaison froide, les barquettes individuelles pouvant \u00eatre r\u00e9chauff\u00e9es au micro-ondes.<br \/>\nLe prix du repas est fix\u00e9 \u00e0 6\u20ac. Les factures sont \u00e9tablies mensuellement.<\/p>\n<p>Pas de dur\u00e9e d\u2019engagement.<\/p>\n<p>Attention : lors d\u2019une premi\u00e8re inscription, un d\u00e9lai minimum de 3 jours est n\u00e9cessaire pour la mise en place du service.<\/p>\n<h2>Les menus<\/h2>\n<p>2 menus au choix sont propos\u00e9s chaque jour comprenant :<\/p>\n<ul>\n<li>une entr\u00e9e<\/li>\n<li>un plat de r\u00e9sistance (viande ou poisson)<\/li>\n<li>une garniture de l\u00e9gumes ou f\u00e9culents<\/li>\n<li>un fromage<\/li>\n<li>un dessert (p\u00e2tisserie, yaourt ou fruit)<\/li>\n<li>du pain<\/li>\n<\/ul>\n<p>Il est possible d&rsquo;envisager des r\u00e9gimes et modes alimentaires sp\u00e9cifiques.<\/p>\n<p class=\" text-LEFT\">Pour tout renseignement ou demande :<\/p>\n<p><acronym title=\"Centre Communal d'Action Sociale\">CCAS<\/acronym> \u2013 bureau n\u00b05 \u2013<\/p>\n<p>T\u00e9l\u00e9phone : 03.21.77.35.54<br \/>\nResponsable : Monsieur Blondel<br \/>\nCourriel : <a href=\"mailto:repasadomicile@mairie-heninbeaumont.fr\" target=\"_self\">repasadomicile@mairie-heninbeaumont.fr<\/a><\/p>\n<p>\u00c9quipe de livraison : 06.83.06.02.43<\/p>\n","protected":false},"excerpt":{"rendered":"<p>Le service d&rsquo;aide m\u00e9nag\u00e8re &nbsp; Agr\u00e9ment qualit\u00e9 d\u00e9livr\u00e9 par la Direction D\u00e9partementale du Travail n\u00b0SAP 266204270 L&rsquo;aide \u00e0 domicile aide et accompagne la personne \u00e2g\u00e9e et\/ou handicap\u00e9e, ayant des probl\u00e8mes de sant\u00e9 ou pas, dans les gestes de la vie quotidienne : m\u00e9nage, courses, pr\u00e9paration des repas, aide \u00e0 la toilette. Mode de financement du [&hellip;]<\/p>\n","protected":false},"author":1,"featured_media":0,"parent":0,"menu_order":0,"comment_status":"closed","ping_status":"closed","template":"template-mairie.php","meta":{"footnotes":""},"class_list":["post-448","page","type-page","status-publish","hentry"],"_links":{"self":[{"href":"https:\/\/www.henin-beaumont.fr\/site\/wp-json\/wp\/v2\/pages\/448","targetHints":{"allow":["GET"]}}],"collection":[{"href":"https:\/\/www.henin-beaumont.fr\/site\/wp-json\/wp\/v2\/pages"}],"about":[{"href":"https:\/\/www.henin-beaumont.fr\/site\/wp-json\/wp\/v2\/types\/page"}],"author":[{"embeddable":true,"href":"https:\/\/www.henin-beaumont.fr\/site\/wp-json\/wp\/v2\/users\/1"}],"replies":[{"embeddable":true,"href":"https:\/\/www.henin-beaumont.fr\/site\/wp-json\/wp\/v2\/comments?post=448"}],"version-history":[{"count":9,"href":"https:\/\/www.henin-beaumont.fr\/site\/wp-json\/wp\/v2\/pages\/448\/revisions"}],"predecessor-version":[{"id":6086,"href":"https:\/\/www.henin-beaumont.fr\/site\/wp-json\/wp\/v2\/pages\/448\/revisions\/6086"}],"wp:attachment":[{"href":"https:\/\/www.henin-beaumont.fr\/site\/wp-json\/wp\/v2\/media?parent=448"}],"curies":[{"name":"wp","href":"https:\/\/api.w.org\/{rel}","templated":true}]}}