
{"id":308,"date":"2015-03-03T12:10:14","date_gmt":"2015-03-03T12:10:14","guid":{"rendered":"http:\/\/henin-beaumont.fr\/site\/?page_id=308"},"modified":"2017-04-12T14:53:18","modified_gmt":"2017-04-12T12:53:18","slug":"teleassistance","status":"publish","type":"page","link":"https:\/\/www.henin-beaumont.fr\/site\/teleassistance\/","title":{"rendered":"T\u00e9l\u00e9assistance"},"content":{"rendered":"<div class=\"contenu\">\n<p><img loading=\"lazy\" decoding=\"async\" class=\"aligncenter size-full wp-image-3649\" src=\"http:\/\/www.henin-beaumont.fr\/site\/wp-content\/uploads\/2015\/03\/TELEASSISTANCE.png\" alt=\"TELEASSISTANCE\" width=\"687\" height=\"159\" srcset=\"https:\/\/www.henin-beaumont.fr\/site\/wp-content\/uploads\/2015\/03\/TELEASSISTANCE.png 687w, https:\/\/www.henin-beaumont.fr\/site\/wp-content\/uploads\/2015\/03\/TELEASSISTANCE-600x139.png 600w\" sizes=\"auto, (max-width: 687px) 100vw, 687px\" \/><\/p>\n<p>Pour continuer \u00e0 vivre seul (e) chez soi en toute s\u00e9curit\u00e9, le dispositif de t\u00e9l\u00e9assistance permet en cas de chute, de malaise ou de visite \u00ab ind\u00e9sirable \u00bb d\u2019alerter \u00e0 distance une centrale d\u2019\u00e9coute. Lorsque l\u2019alarme est d\u00e9clench\u00e9e, la centrale contacte votre m\u00e9decin, la famille ou les secours d\u2019urgence, selon vos besoins.<\/p>\n<p>\u00c0 ce jour, plus de 15 000 b\u00e9n\u00e9ficiaires de contrats t\u00e9l\u00e9assistance sont pris en charge dans le Pas-de-Calais. Sur ce total, pr\u00e8s de la moiti\u00e9 b\u00e9n\u00e9ficient d&rsquo;une prise en charge au titre de l&rsquo; <acronym title=\"Allocation Personnalis\u00e9e \u00e0 l'Autonomie\">apa<\/acronym> .<\/p>\n<p>Conform\u00e9ment \u00e0 la convention de d\u00e9l\u00e9gation de service public, les nouveaux tarifs d&rsquo;abonnement applicables au 1er mars 2012 sont de 9,13\u20ac pour une installation classique et de 11,29\u20ac pour une installation en d\u00e9groupage.<\/p>\n<p>Par ailleurs, il est possible de disposer en option d&rsquo;un d\u00e9tecteur de chutes brutales, d&rsquo;un d\u00e9tecteur de fum\u00e9e et d&rsquo;un d\u00e9tecteur de <acronym title=\"dioxyde de carbone\">Co2<\/acronym> .<\/p>\n<p>Les demandes d\u2019installation de la T\u00e9l\u00e9-alarme sont g\u00e9r\u00e9es par le service en lien avec Europ Assistance.<\/p>\n<p>Pour tout renseignement ou demande :<\/p>\n<p><acronym title=\"Centre Communal d'Action Sociale\">ccas<\/acronym> \u2013 bureau n\u00b05 \u2013<br \/>\nT\u00e9l\u00e9phone : 03.21.77.35.54<br \/>\nResponsable : Monsieur BLONDEL<br \/>\nCourriel : <a href=\"mailto:fabrice.blondel@mairie-heninbeaumont.fr\" target=\"_self\">fabrice.blondel@mairie-heninbeaumont.fr <\/a><\/p>\n<\/div>\n","protected":false},"excerpt":{"rendered":"<p>Pour continuer \u00e0 vivre seul (e) chez soi en toute s\u00e9curit\u00e9, le dispositif de t\u00e9l\u00e9assistance permet en cas de chute, de malaise ou de visite \u00ab ind\u00e9sirable \u00bb d\u2019alerter \u00e0 distance une centrale d\u2019\u00e9coute. Lorsque l\u2019alarme est d\u00e9clench\u00e9e, la centrale contacte votre m\u00e9decin, la famille ou les secours d\u2019urgence, selon vos besoins. \u00c0 ce jour, [&hellip;]<\/p>\n","protected":false},"author":1,"featured_media":0,"parent":0,"menu_order":0,"comment_status":"closed","ping_status":"closed","template":"template-mairie.php","meta":{"footnotes":""},"class_list":["post-308","page","type-page","status-publish","hentry"],"_links":{"self":[{"href":"https:\/\/www.henin-beaumont.fr\/site\/wp-json\/wp\/v2\/pages\/308","targetHints":{"allow":["GET"]}}],"collection":[{"href":"https:\/\/www.henin-beaumont.fr\/site\/wp-json\/wp\/v2\/pages"}],"about":[{"href":"https:\/\/www.henin-beaumont.fr\/site\/wp-json\/wp\/v2\/types\/page"}],"author":[{"embeddable":true,"href":"https:\/\/www.henin-beaumont.fr\/site\/wp-json\/wp\/v2\/users\/1"}],"replies":[{"embeddable":true,"href":"https:\/\/www.henin-beaumont.fr\/site\/wp-json\/wp\/v2\/comments?post=308"}],"version-history":[{"count":4,"href":"https:\/\/www.henin-beaumont.fr\/site\/wp-json\/wp\/v2\/pages\/308\/revisions"}],"predecessor-version":[{"id":3650,"href":"https:\/\/www.henin-beaumont.fr\/site\/wp-json\/wp\/v2\/pages\/308\/revisions\/3650"}],"wp:attachment":[{"href":"https:\/\/www.henin-beaumont.fr\/site\/wp-json\/wp\/v2\/media?parent=308"}],"curies":[{"name":"wp","href":"https:\/\/api.w.org\/{rel}","templated":true}]}}