
{"id":303,"date":"2021-08-05T12:08:29","date_gmt":"2021-08-05T10:08:29","guid":{"rendered":"http:\/\/henin-beaumont.fr\/site\/?page_id=303"},"modified":"2025-02-10T16:45:06","modified_gmt":"2025-02-10T14:45:06","slug":"foyer-pasteur","status":"publish","type":"page","link":"https:\/\/www.henin-beaumont.fr\/site\/foyer-pasteur\/","title":{"rendered":"R\u00e9sidence autonomie Pasteur"},"content":{"rendered":"<p><img loading=\"lazy\" decoding=\"async\" class=\"aligncenter size-full wp-image-3645\" src=\"http:\/\/www.henin-beaumont.fr\/site\/wp-content\/uploads\/2015\/03\/RESIDENCELOUIS.png\" alt=\"RESIDENCELOUIS\" width=\"687\" height=\"159\" srcset=\"https:\/\/www.henin-beaumont.fr\/site\/wp-content\/uploads\/2015\/03\/RESIDENCELOUIS.png 687w, https:\/\/www.henin-beaumont.fr\/site\/wp-content\/uploads\/2015\/03\/RESIDENCELOUIS-600x139.png 600w\" sizes=\"auto, (max-width: 687px) 100vw, 687px\" \/><\/p>\n<p><img loading=\"lazy\" decoding=\"async\" class=\"alignnone size-full wp-image-719\" src=\"http:\/\/henin-beaumont.fr\/site\/wp-content\/uploads\/2015\/03\/PASTEUR.png\" alt=\"PASTEUR\" width=\"778\" height=\"232\" srcset=\"https:\/\/www.henin-beaumont.fr\/site\/wp-content\/uploads\/2015\/03\/PASTEUR.png 778w, https:\/\/www.henin-beaumont.fr\/site\/wp-content\/uploads\/2015\/03\/PASTEUR-200x60.png 200w\" sizes=\"auto, (max-width: 778px) 100vw, 778px\" \/><\/p>\n<p>La R\u00e9sidence Autonomie Louis Pasteur accueille dans un cadre chaleureux, s\u00e9curis\u00e9 et adapt\u00e9, les s\u00e9niors d\u00e8s l\u2019\u00e2ge de 60 ans.<\/p>\n<p>D\u2019une capacit\u00e9 totale de 41 appartements de 33 m\u00b2, la r\u00e9sidence est un lieu id\u00e9al pour profiter sereinement d\u2019un cadre de vie confortable et agr\u00e9able.<\/p>\n<p>&nbsp;<\/p>\n<p><strong><u>La R\u00e9sidence<\/u><\/strong><\/p>\n<p>Les appartements individuels ou pour couples sont compos\u00e9s d\u2019un s\u00e9jour, d\u2019une salle de bain privative, et d\u2019une kitchenette. L\u2019am\u00e9nagement et la d\u00e9coration sont laiss\u00e9s au libre choix des r\u00e9sidents.<\/p>\n<p>L\u2019\u00e9tablissement dispose de lieux de vie am\u00e9nag\u00e9s et accessibles aux personnes \u00e0 mobilit\u00e9 r\u00e9duite : une salle de restauration, un salon d\u2019animation, un salon de coiffure, un parc arbor\u00e9, \u2026<\/p>\n<p>Les animaux de compagnie sont les bienvenus.<\/p>\n<p>&nbsp;<\/p>\n<p><strong><u>La vie dans notre \u00e9tablissement <\/u><\/strong><\/p>\n<p>Le bien-\u00eatre et le confort du r\u00e9sident sont nos priorit\u00e9s. L\u2019entr\u00e9e en R\u00e9sidence Autonomie constitue une nouvelle \u00e9tape dans le parcours de vie de la personne \u00e2g\u00e9e. C\u2019est pourquoi, un accompagnement de qualit\u00e9 et une attention particuli\u00e8re sont port\u00e9s \u00e0 l\u2019accueil.<\/p>\n<p>&nbsp;<\/p>\n<p><u>Restauration<\/u><\/p>\n<p>Chaque jour un large choix de plats est propos\u00e9, privil\u00e9giant les produits de saison et les circuits courts.<\/p>\n<p>&nbsp;<\/p>\n<p><u>Soins<\/u><\/p>\n<p>La r\u00e9sidence n\u2019est pas m\u00e9dicalis\u00e9e mais l\u2019\u00e9tablissement propose un service compos\u00e9 de deux auxiliaires de soins , qui proposent\u00a0 apr\u00e8s \u00e9valuation, une aide pour les actes de la vie quotidienne\u00a0 ( p\u00e9diluve, capiluve, pose et retrait de bas de contention&#8230;).<\/p>\n<p>&nbsp;<\/p>\n<p><u>Blanchisserie<\/u><\/p>\n<p>Un acc\u00e8s \u00e0 un service de blanchisserie est propos\u00e9, de plus les appartements sont tous \u00e9quip\u00e9s d\u2019un branchement pour un lave-linge.<\/p>\n<p>&nbsp;<\/p>\n<p><u>Internet<\/u><\/p>\n<p>Un acc\u00e8s gratuit \u00e0 internet est propos\u00e9 dans les espaces collectifs de la r\u00e9sidence.<\/p>\n<p>&nbsp;<\/p>\n<p><u>Salon de coiffure<\/u><\/p>\n<p>Accessible tous les jours de la semaine, chaque r\u00e9sident a la possibilit\u00e9 de prendre rendez-vous avec le coiffeur de son choix.<\/p>\n<p>&nbsp;<\/p>\n<p><u>Vie sociale<\/u><\/p>\n<p>Un axe fort de l\u2019animation se d\u00e9cline autour d\u2019activit\u00e9s, dispens\u00e9es par notre animateur et des partenaires ext\u00e9rieurs.<\/p>\n<p>Ainsi, des animations, des sorties et des rencontres agr\u00e9mentent la vie quotidienne, et favorisent les liens sociaux.<\/p>\n<ul>\n<li>Apr\u00e8s-midi dansant, chant- chorale,<\/li>\n<li>Activit\u00e9s de d\u00e9tente et de relaxation,<\/li>\n<li>Ateliers cr\u00e9ation, jeux de soci\u00e9t\u00e9,<\/li>\n<li>Ateliers culinaires,<\/li>\n<li>F\u00eates anniversaires, f\u00eates du calendrier\u2026<\/li>\n<li>Conf\u00e9rences, spectacles, concerts,<\/li>\n<li>Sorties culturelles (mus\u00e9e, cin\u00e9ma)<\/li>\n<\/ul>\n<p>&nbsp;<\/p>\n<p><img loading=\"lazy\" decoding=\"async\" class=\"alignnone wp-image-7834\" src=\"http:\/\/www.henin-beaumont.fr\/site\/wp-content\/uploads\/2021\/08\/DSC_3356.jpg\" alt=\"\" width=\"579\" height=\"386\" srcset=\"https:\/\/www.henin-beaumont.fr\/site\/wp-content\/uploads\/2021\/08\/DSC_3356.jpg 6048w, https:\/\/www.henin-beaumont.fr\/site\/wp-content\/uploads\/2021\/08\/DSC_3356-800x532.jpg 800w, https:\/\/www.henin-beaumont.fr\/site\/wp-content\/uploads\/2021\/08\/DSC_3356-768x511.jpg 768w, https:\/\/www.henin-beaumont.fr\/site\/wp-content\/uploads\/2021\/08\/DSC_3356-1024x681.jpg 1024w, https:\/\/www.henin-beaumont.fr\/site\/wp-content\/uploads\/2021\/08\/DSC_3356-600x399.jpg 600w\" sizes=\"auto, (max-width: 579px) 100vw, 579px\" \/><\/p>\n<p>&nbsp;<\/p>\n<p><strong><u>La s\u00e9curit\u00e9<\/u><\/strong><\/p>\n<p>Pour garantir la s\u00e9curit\u00e9 de ses r\u00e9sidents, notre r\u00e9sidence b\u00e9n\u00e9ficie d\u2019un acc\u00e8s s\u00e9curis\u00e9.\u00a0Tous nos appartements sont \u00e9quip\u00e9s d\u2019un syst\u00e8me de t\u00e9l\u00e9alarme.<\/p>\n<p>&nbsp;<\/p>\n<p><strong><u>Bon \u00e0 savoir<\/u><\/strong><\/p>\n<p>Des aides financi\u00e8res sont possibles\u00a0:<\/p>\n<ul>\n<li>Habilitation \u00e0 l\u2019Aide Sociale,<\/li>\n<li>Habilitation \u00e0 l\u2019Allocation Logement,<\/li>\n<li>Habilitation \u00e0 l\u2019Allocation Personnalis\u00e9e \u00e0 l\u2019Autonomie<\/li>\n<\/ul>\n<p>&nbsp;<\/p>\n<p><span style=\"color: #cc99ff;\"><strong>Contact<\/strong><\/span><\/p>\n<p><strong>R\u00e9sidence autonomie Louis Pasteur<\/strong><\/p>\n<p>Rue Henri Dunant &#8211; 62110 HENIN BEAUMONT<\/p>\n<p>T\u00e9l\u00a0: 03.21.20.14.92<\/p>\n<p>residence-pasteur@mairie-heninbeaumont.fr<\/p>\n<p><strong>Mme Nathalie Gourmez &#8211; Responsable de la r\u00e9sidence<\/strong><\/p>\n","protected":false},"excerpt":{"rendered":"<p>La R\u00e9sidence Autonomie Louis Pasteur accueille dans un cadre chaleureux, s\u00e9curis\u00e9 et adapt\u00e9, les s\u00e9niors d\u00e8s l\u2019\u00e2ge de 60 ans. D\u2019une capacit\u00e9 totale de 41 appartements de 33 m\u00b2, la r\u00e9sidence est un lieu id\u00e9al pour profiter sereinement d\u2019un cadre de vie confortable et agr\u00e9able. &nbsp; La R\u00e9sidence Les appartements individuels ou pour couples sont [&hellip;]<\/p>\n","protected":false},"author":1,"featured_media":0,"parent":0,"menu_order":0,"comment_status":"closed","ping_status":"closed","template":"template-mairie.php","meta":{"footnotes":""},"class_list":["post-303","page","type-page","status-publish","hentry"],"_links":{"self":[{"href":"https:\/\/www.henin-beaumont.fr\/site\/wp-json\/wp\/v2\/pages\/303","targetHints":{"allow":["GET"]}}],"collection":[{"href":"https:\/\/www.henin-beaumont.fr\/site\/wp-json\/wp\/v2\/pages"}],"about":[{"href":"https:\/\/www.henin-beaumont.fr\/site\/wp-json\/wp\/v2\/types\/page"}],"author":[{"embeddable":true,"href":"https:\/\/www.henin-beaumont.fr\/site\/wp-json\/wp\/v2\/users\/1"}],"replies":[{"embeddable":true,"href":"https:\/\/www.henin-beaumont.fr\/site\/wp-json\/wp\/v2\/comments?post=303"}],"version-history":[{"count":17,"href":"https:\/\/www.henin-beaumont.fr\/site\/wp-json\/wp\/v2\/pages\/303\/revisions"}],"predecessor-version":[{"id":10816,"href":"https:\/\/www.henin-beaumont.fr\/site\/wp-json\/wp\/v2\/pages\/303\/revisions\/10816"}],"wp:attachment":[{"href":"https:\/\/www.henin-beaumont.fr\/site\/wp-json\/wp\/v2\/media?parent=303"}],"curies":[{"name":"wp","href":"https:\/\/api.w.org\/{rel}","templated":true}]}}