
{"id":198,"date":"2015-02-12T13:52:30","date_gmt":"2015-02-12T13:52:30","guid":{"rendered":"http:\/\/henin-beaumont.fr\/site\/?page_id=198"},"modified":"2022-05-13T10:08:33","modified_gmt":"2022-05-13T08:08:33","slug":"ordures-menageres","status":"publish","type":"page","link":"https:\/\/www.henin-beaumont.fr\/site\/ordures-menageres\/","title":{"rendered":"Ordures m\u00e9nag\u00e9res"},"content":{"rendered":"<p><img loading=\"lazy\" decoding=\"async\" class=\"aligncenter size-full wp-image-3635\" src=\"http:\/\/www.henin-beaumont.fr\/site\/wp-content\/uploads\/2015\/02\/COLLECTEDECHETS.png\" alt=\"COLLECTEDECHETS\" width=\"687\" height=\"159\" srcset=\"https:\/\/www.henin-beaumont.fr\/site\/wp-content\/uploads\/2015\/02\/COLLECTEDECHETS.png 687w, https:\/\/www.henin-beaumont.fr\/site\/wp-content\/uploads\/2015\/02\/COLLECTEDECHETS-600x139.png 600w\" sizes=\"auto, (max-width: 687px) 100vw, 687px\" \/><\/p>\n<p><img loading=\"lazy\" decoding=\"async\" class=\"alignnone size-full wp-image-213\" src=\"http:\/\/henin-beaumont.fr\/site\/wp-content\/uploads\/2015\/02\/cach.png\" alt=\"cach\" width=\"770\" height=\"234\" srcset=\"https:\/\/www.henin-beaumont.fr\/site\/wp-content\/uploads\/2015\/02\/cach.png 770w, https:\/\/www.henin-beaumont.fr\/site\/wp-content\/uploads\/2015\/02\/cach-200x61.png 200w\" sizes=\"auto, (max-width: 770px) 100vw, 770px\" \/><\/p>\n<p>La collectes des d\u00e9chets est g\u00e9r\u00e9e par la Communaut\u00e9 d&rsquo;Agglom\u00e9ration H\u00e9nin-Carvin. Pour tous renseignements, vous pouvez contacter le 0800-31-32-49 (N\u00b0 vert, gratuit depuis un poste fixe, du lundi au vendredi de 9h \u00e0 12h et de 14h \u00e0 17h)<\/p>\n<p><img loading=\"lazy\" decoding=\"async\" class=\"alignnone size-full wp-image-205\" src=\"http:\/\/henin-beaumont.fr\/site\/wp-content\/uploads\/2015\/02\/bacbo.png\" alt=\"bacbo\" width=\"770\" height=\"80\" srcset=\"https:\/\/www.henin-beaumont.fr\/site\/wp-content\/uploads\/2015\/02\/bacbo.png 770w, https:\/\/www.henin-beaumont.fr\/site\/wp-content\/uploads\/2015\/02\/bacbo-200x21.png 200w\" sizes=\"auto, (max-width: 770px) 100vw, 770px\" \/><\/p>\n<p>&#8211; Quartier \u00abH\u00e9nin-Beaumont\u00bb : elles seront ramass\u00e9es chaque JEUDI matin (\u00e0 partir de 6h), m\u00eame en cas de jours f\u00e9ri\u00e9s<br \/>\n&#8211; Quartier \u00abEst\u00bb : elles seront ramass\u00e9es chaque VENDREDI matin (\u00e0 partir de 6 h), m\u00eame en cas de jours f\u00e9ri\u00e9s.<br \/>\n&#8211; Quartier \u00abOuest\u00bb : elles seront ramass\u00e9es chaque JEUDI matin (\u00e0 partir de 6h), m\u00eame en cas de jours f\u00e9ri\u00e9s<br \/>\n&#8211; Quartier \u00abBeaumont\u00bb : elles seront ramass\u00e9es chaque VENDREDI matin (\u00e0 partir de 6h), m\u00eame en cas de jours f\u00e9ri\u00e9s<br \/>\n&#8211; \u00abVoies \u00e9troites\u00bb : elles seront ramass\u00e9es chaque SAMEDI matin (\u00e0 partir de 6h), m\u00eame en cas de jours f\u00e9ri\u00e9s<\/p>\n<p><img loading=\"lazy\" decoding=\"async\" class=\"alignnone size-full wp-image-207\" src=\"http:\/\/henin-beaumont.fr\/site\/wp-content\/uploads\/2015\/02\/couvejaune.png\" alt=\"couvejaune\" width=\"770\" height=\"80\" srcset=\"https:\/\/www.henin-beaumont.fr\/site\/wp-content\/uploads\/2015\/02\/couvejaune.png 770w, https:\/\/www.henin-beaumont.fr\/site\/wp-content\/uploads\/2015\/02\/couvejaune-200x21.png 200w\" sizes=\"auto, (max-width: 770px) 100vw, 770px\" \/><\/p>\n<p>&#8211; Quartier \u00abH\u00e9nin-Beaumont\u00bb : elles seront ramass\u00e9es chaque MERCREDI matin (\u00e0 partir de 6h), m\u00eame en cas de jours f\u00e9ri\u00e9s, sauf le 1er mai report\u00e9 au samedi 4 mai et le mercredi 25 d\u00e9cembre report\u00e9 au samedi 28 d\u00e9cembre<br \/>\n&#8211; Quartier \u00abEst\u00bb : elles seront ramass\u00e9es chaque MARDI matin (\u00e0 partir de 6 h), m\u00eame en cas de jours f\u00e9ri\u00e9s<br \/>\n&#8211; Quartier \u00abOuest\u00bb : elles seront ramass\u00e9es chaque MERCREDI matin (\u00e0 partir de 6h), m\u00eame en cas de jours f\u00e9ri\u00e9s<br \/>\n&#8211; Quartier \u00abBeaumont\u00bb :elles seront ramass\u00e9es chaque MARDI matin (\u00e0 partir de 6h), m\u00eame en cas de jours f\u00e9ri\u00e9s, sauf le 1er mai report\u00e9 au samedi 4 mai et le mercredi 25 d\u00e9cembre report\u00e9 au samedi 28 d\u00e9cembre<br \/>\n&#8211; \u00abVoies \u00e9troites\u00bb :elles seront ramass\u00e9es chaque MERCREDI matin (\u00e0 partir de 6h), m\u00eame en cas de jours f\u00e9ri\u00e9s, sauf le 1er mai report\u00e9 au samedi 4 mai et le mercredi 25 d\u00e9cembre report\u00e9 au samedi 28 d\u00e9cembre<\/p>\n<p><img loading=\"lazy\" decoding=\"async\" class=\"alignnone size-full wp-image-217\" src=\"http:\/\/henin-beaumont.fr\/site\/wp-content\/uploads\/2015\/02\/dechetterie.png\" alt=\"dechetterie\" width=\"770\" height=\"80\" srcset=\"https:\/\/www.henin-beaumont.fr\/site\/wp-content\/uploads\/2015\/02\/dechetterie.png 770w, https:\/\/www.henin-beaumont.fr\/site\/wp-content\/uploads\/2015\/02\/dechetterie-200x21.png 200w\" sizes=\"auto, (max-width: 770px) 100vw, 770px\" \/><\/p>\n<p><img loading=\"lazy\" decoding=\"async\" class=\"alignnone size-full wp-image-215\" src=\"http:\/\/henin-beaumont.fr\/site\/wp-content\/uploads\/2015\/02\/decheterie.png\" alt=\"decheterie\" width=\"770\" height=\"234\" srcset=\"https:\/\/www.henin-beaumont.fr\/site\/wp-content\/uploads\/2015\/02\/decheterie.png 770w, https:\/\/www.henin-beaumont.fr\/site\/wp-content\/uploads\/2015\/02\/decheterie-200x61.png 200w\" sizes=\"auto, (max-width: 770px) 100vw, 770px\" \/><\/p>\n","protected":false},"excerpt":{"rendered":"<p>La collectes des d\u00e9chets est g\u00e9r\u00e9e par la Communaut\u00e9 d&rsquo;Agglom\u00e9ration H\u00e9nin-Carvin. Pour tous renseignements, vous pouvez contacter le 0800-31-32-49 (N\u00b0 vert, gratuit depuis un poste fixe, du lundi au vendredi de 9h \u00e0 12h et de 14h \u00e0 17h) &#8211; Quartier \u00abH\u00e9nin-Beaumont\u00bb : elles seront ramass\u00e9es chaque JEUDI matin (\u00e0 partir de 6h), m\u00eame en [&hellip;]<\/p>\n","protected":false},"author":1,"featured_media":0,"parent":0,"menu_order":0,"comment_status":"closed","ping_status":"closed","template":"template-mairie.php","meta":{"footnotes":""},"class_list":["post-198","page","type-page","status-publish","hentry"],"_links":{"self":[{"href":"https:\/\/www.henin-beaumont.fr\/site\/wp-json\/wp\/v2\/pages\/198","targetHints":{"allow":["GET"]}}],"collection":[{"href":"https:\/\/www.henin-beaumont.fr\/site\/wp-json\/wp\/v2\/pages"}],"about":[{"href":"https:\/\/www.henin-beaumont.fr\/site\/wp-json\/wp\/v2\/types\/page"}],"author":[{"embeddable":true,"href":"https:\/\/www.henin-beaumont.fr\/site\/wp-json\/wp\/v2\/users\/1"}],"replies":[{"embeddable":true,"href":"https:\/\/www.henin-beaumont.fr\/site\/wp-json\/wp\/v2\/comments?post=198"}],"version-history":[{"count":12,"href":"https:\/\/www.henin-beaumont.fr\/site\/wp-json\/wp\/v2\/pages\/198\/revisions"}],"predecessor-version":[{"id":8706,"href":"https:\/\/www.henin-beaumont.fr\/site\/wp-json\/wp\/v2\/pages\/198\/revisions\/8706"}],"wp:attachment":[{"href":"https:\/\/www.henin-beaumont.fr\/site\/wp-json\/wp\/v2\/media?parent=198"}],"curies":[{"name":"wp","href":"https:\/\/api.w.org\/{rel}","templated":true}]}}