
{"id":11654,"date":"2026-03-20T11:04:50","date_gmt":"2026-03-20T09:04:50","guid":{"rendered":"https:\/\/www.henin-beaumont.fr\/site\/?page_id=11654"},"modified":"2026-03-20T11:08:47","modified_gmt":"2026-03-20T09:08:47","slug":"service-protection-animale","status":"publish","type":"page","link":"https:\/\/www.henin-beaumont.fr\/site\/service-protection-animale\/","title":{"rendered":"Service Protection Animale"},"content":{"rendered":"\n<figure class=\"wp-block-image size-full\"><img loading=\"lazy\" decoding=\"async\" width=\"600\" height=\"399\" src=\"https:\/\/www.henin-beaumont.fr\/site\/wp-content\/uploads\/2026\/03\/service-protection-animale.png\" alt=\"\" class=\"wp-image-11655\"\/><\/figure>\n\n\n\n<p><\/p>\n\n\n\n<p class=\"has-large-font-size\"><mark style=\"background-color:rgba(0, 0, 0, 0)\" class=\"has-inline-color has-vivid-cyan-blue-color\">Le Service protection animale<\/mark><\/p>\n\n\n\n<p class=\"has-medium-font-size\">Le service protection animale de la commune a vocation \u00e0 am\u00e9liorer la condition animale sur son territoire en agissant sur diff\u00e9rents leviers li\u00e9s au bien-\u00eatre animal, \u00e0 travers les missions suivantes : <\/p>\n\n\n\n<ul class=\"wp-block-list\">\n<li class=\"has-medium-font-size\">R\u00e9ceptionner et investiguer les signalements relatifs aux animaux errants et\/ou maltrait\u00e9s sur son territoire.<\/li>\n\n\n\n<li class=\"has-medium-font-size\">Organiser les campagnes de st\u00e9rilisation des chats errants en partenariat avec les associations de protection f\u00e9line. Veiller au bien-\u00eatre des chats libres \u00e0 travers l\u2019\u00e9quipement de sites d\u00e9di\u00e9s et l\u2019accompagnement des nourrisseurs b\u00e9n\u00e9voles.<\/li>\n\n\n\n<li class=\"has-medium-font-size\">Mettre en \u0153uvre des actions de sensibilisation de la population et des jeunes g\u00e9n\u00e9rations au bien-\u00eatre animal.<\/li>\n\n\n\n<li class=\"has-medium-font-size\"> Mettre en \u0153uvre des actions visant \u00e0 une prise en compte globale du bien-\u00eatre animal du sein de la collectivit\u00e9.<\/li>\n<\/ul>\n\n\n\n<p class=\"has-medium-font-size\">Le service est joignable du lundi au vendredi de 8 h 30 \u00e0 12 h et de 13 h 30 \u00e0 17 h 15. <\/p>\n\n\n\n<p class=\"has-medium-font-size\">Adresse : 8 rue voltaire, 62 110 H\u00e9nin-Beaumont <\/p>\n\n\n\n<p class=\"has-medium-font-size\">T\u00e9l\u00e9phone : 06 72 52 94 03 <\/p>\n\n\n\n<p class=\"has-medium-font-size\">Mail : protectionanimale@mairie-heninbeaumont.fr<\/p>\n","protected":false},"excerpt":{"rendered":"<p>Le Service protection animale Le service protection animale de la commune a vocation \u00e0 am\u00e9liorer la condition animale sur son territoire en agissant sur diff\u00e9rents leviers li\u00e9s au bien-\u00eatre animal, \u00e0 travers les missions suivantes : Le service est joignable du lundi au vendredi de 8 h 30 \u00e0 12 h et de 13 h [&hellip;]<\/p>\n","protected":false},"author":13,"featured_media":0,"parent":0,"menu_order":0,"comment_status":"closed","ping_status":"closed","template":"","meta":{"footnotes":""},"class_list":["post-11654","page","type-page","status-publish","hentry"],"_links":{"self":[{"href":"https:\/\/www.henin-beaumont.fr\/site\/wp-json\/wp\/v2\/pages\/11654","targetHints":{"allow":["GET"]}}],"collection":[{"href":"https:\/\/www.henin-beaumont.fr\/site\/wp-json\/wp\/v2\/pages"}],"about":[{"href":"https:\/\/www.henin-beaumont.fr\/site\/wp-json\/wp\/v2\/types\/page"}],"author":[{"embeddable":true,"href":"https:\/\/www.henin-beaumont.fr\/site\/wp-json\/wp\/v2\/users\/13"}],"replies":[{"embeddable":true,"href":"https:\/\/www.henin-beaumont.fr\/site\/wp-json\/wp\/v2\/comments?post=11654"}],"version-history":[{"count":5,"href":"https:\/\/www.henin-beaumont.fr\/site\/wp-json\/wp\/v2\/pages\/11654\/revisions"}],"predecessor-version":[{"id":11661,"href":"https:\/\/www.henin-beaumont.fr\/site\/wp-json\/wp\/v2\/pages\/11654\/revisions\/11661"}],"wp:attachment":[{"href":"https:\/\/www.henin-beaumont.fr\/site\/wp-json\/wp\/v2\/media?parent=11654"}],"curies":[{"name":"wp","href":"https:\/\/api.w.org\/{rel}","templated":true}]}}